{"id":461,"date":"2025-11-07T16:10:52","date_gmt":"2025-11-07T16:10:52","guid":{"rendered":"https:\/\/fiv.tl\/?page_id=461"},"modified":"2025-11-07T17:14:48","modified_gmt":"2025-11-07T17:14:48","slug":"kona-ba-inisiator","status":"publish","type":"page","link":"https:\/\/fiv.tl\/?page_id=461","title":{"rendered":"KONA BA INISIATOR"},"content":{"rendered":"\t\t<div data-elementor-type=\"wp-page\" data-elementor-id=\"461\" class=\"elementor elementor-461\">\n\t\t\t\t<div class=\"elementor-element elementor-element-fbefb38 e-flex e-con-boxed e-con e-parent\" data-id=\"fbefb38\" data-element_type=\"container\" data-e-type=\"container\">\n\t\t\t\t\t<div class=\"e-con-inner\">\n\t\t<div class=\"elementor-element elementor-element-a6df105 e-con-full e-flex e-con e-child\" data-id=\"a6df105\" data-element_type=\"container\" data-e-type=\"container\">\n\t\t\t\t<div class=\"elementor-element elementor-element-389cc79 elementor-widget__width-initial elementor-widget elementor-widget-image\" data-id=\"389cc79\" data-element_type=\"widget\" data-e-type=\"widget\" data-widget_type=\"image.default\">\n\t\t\t\t\t\t\t\t\t\t\t\t\t\t\t<img fetchpriority=\"high\" decoding=\"async\" width=\"640\" height=\"640\" src=\"https:\/\/fiv.tl\/wp-content\/uploads\/2025\/11\/BetterImage_1762531394324.jpeg\" class=\"attachment-large size-large wp-image-463\" alt=\"\" \/>\t\t\t\t\t\t\t\t\t\t\t\t\t\t\t<\/div>\n\t\t\t\t<\/div>\n\t\t<div class=\"elementor-element elementor-element-762259b e-con-full e-flex e-con e-child\" data-id=\"762259b\" data-element_type=\"container\" data-e-type=\"container\">\n\t\t\t\t<div class=\"elementor-element elementor-element-f7344f4 elementor-widget elementor-widget-text-editor\" data-id=\"f7344f4\" data-element_type=\"widget\" data-e-type=\"widget\" data-widget_type=\"text-editor.default\">\n\t\t\t\t\t\t\t\t\t<p style=\"text-align: justify;\"><strong>Gil da Costa Monteiro \u201cOan Soru\u201d<\/strong><\/p>\n<p style=\"text-align: justify;\">Ministru Asuntus Kombatentes Libertasaun Nasion\u00e1l maka responsavel ba konsesaun, ezekusaun, koordenasaun no avaliasaun pol\u00edtika, ne\u2019eb\u00e9 define no aprova ona husi Konsellu Ministrus, ba asuntus antigu Kombatentes Libertasaun Nasion\u00e1l.\n\nMinistru Asuntus Kombatentes Libertasaun Nasion\u00e1l maka iha kompet\u00e9nsia atu halo medida pol\u00edtika, lejizlasaun no regulamentasaun ba asuntus Kombatentes Libertasaun Nasion\u00e1l, nune\u2019e m\u00f3s ninia finansiamentu, ezekusaun no avaliasaun; koordena no halo planu pol\u00edtika Governu nian iha \u00e1mbitu asuntu hirak ne\u2019eb\u00e9 iha relasiona ho Kombatentes Libertasaun Nasion\u00e1l; promove rejistu Kombatentes Libertasaun Nasion\u00e1l, tuir lei; implementa programa atu atribui pensaun no benef\u00edsiu finanseira seluk ba kombatentes Libertasaun Nasion\u00e1l no sira-nia fam\u00edlia, tuir lei; disponibiliza akompa\u00f1amentu no inkluzaun iha sosiedade veteranu no Kombatente Libertasaun Nasion\u00e1l; promove, liuhusi koordena ho Prezid\u00e9nsia Rep\u00fablika no Konsellu Kombatente Libertasaun Nasion\u00e1l, hala\u2019o serim\u00f3nia valorizasaun, dezmobilizasaun no reko\u00f1esimentu p\u00fabliku ba Kombatentes Libertasaun Nasion\u00e1l, liuliu liuhusi kondekorasaun ofisi\u00e1l, harii memori\u00e1l ba m\u00e1rtires no asaun relevante sira-seluk; mantein servisu peskiza, arkivu no divulgasaun ist\u00f3ria luta libertasaun nasion\u00e1l; promove revizaun kle\u2019an kona-ba baze dadus ba rejistu Kombatentes Libertasaun Nasion\u00e1l; mantein baze dadus rejistu nian ida, prosesamentu, an\u00e1lize no supervizaun no hodi apoia sira nia atividade; promove no planeia programa apoiu libertasaun nasion\u00e1l, liuliu, iha \u00e1rea sa\u00fade, edukasaun no formasaun t\u00e9kniku-profision\u00e1l, empregu, asesu ba kr\u00e9ditu no atividade ne\u2019eb\u00e9 rezulta rendimentu\n<p style=\"text-align: justify;\">Iha VIII Guvernu Konstituisional liu hosi Minist\u00e9rio Para os Assuntos dos Combatentes da Liberta\u00e7\u00e3o Nacional e Secretaria de Estadu Para os Assuntos dos Combatentes da Liberta\u00e7\u00e3o Nacional, Sua Ex.<sup>cia<\/sup> <strong>SEACLN Sr. Gil da Costa Monteiro \u201cOan Soru\u201d<\/strong> (Iha Momentu ne\u2019eb\u00e1) inisiar ka sai hanesan promotor ba kriasaun Fundo de Investimento dos Veteranos hahu hosi Munisipiu Aileu, iha loron 30 fulan Outubru Tinan 2018 to remata iha Munisipiu Dili iha Loron 30 fulan Abril no Tinan 2019, hafoin sosializasaun remata. Kontinua kedas ho enkontru rejion\u00e1l iha loron 15 fulan Novembru Tinan 2019, iha loron 19 to 21 fulan Dezembru Tinan 2019 realiza Kongresu Nasional Veteranos hodi hasai Deliberasaun, hodi fo kompetensia ba SEACLN hodi implementa kriasaun Fundos Investimentu Veteranos. Politika kriasaun Fundos Investimento Veteranos hetan legalidade liu hosi aprovasaun <strong>Dekretu Lei N<sup>o.<\/sup> 13\/2022 loron 30 fulan Marsu<\/strong>, hodi alerta fila fali <strong>(Primeira Altera\u00e7\u00e3o Ao Decretu-Lei <sup>No.<\/sup> 8\/2020 de 19 de Mar\u00e7o. Que aprova A Sexta Altera\u00e7\u00e3o Ao Decreto Lei No 15\/2008, de 4 de Junho, Sobre Pens\u00f5es DO Combatentes E M\u00e1rtires Da Liberta\u00e7\u00e3o Nacional).<\/strong><\/p>\t\t\t\t\t\t\t\t<\/div>\n\t\t\t\t<\/div>\n\t\t\t\t\t<\/div>\n\t\t\t\t<\/div>\n\t\t\t\t<\/div>\n\t\t","protected":false},"excerpt":{"rendered":"<p>Gil da Costa Monteiro \u201cOan Soru\u201d Ministru Asuntus Kombatentes Libertasaun Nasion\u00e1l maka responsavel ba konsesaun, ezekusaun, koordenasaun no avaliasaun pol\u00edtika, ne\u2019eb\u00e9 define no aprova ona husi Konsellu Ministrus, ba asuntus antigu Kombatentes Libertasaun Nasion\u00e1l. Ministru Asuntus Kombatentes Libertasaun Nasion\u00e1l maka iha kompet\u00e9nsia atu halo medida pol\u00edtika, lejizlasaun no regulamentasaun ba asuntus Kombatentes Libertasaun Nasion\u00e1l, nune\u2019e<br \/><a class=\"btn btn-theme post-btn\" href=\"https:\/\/fiv.tl\/?page_id=461\">Read More<\/a><\/p>\n","protected":false},"author":1,"featured_media":0,"parent":0,"menu_order":0,"comment_status":"closed","ping_status":"closed","template":"","meta":{"footnotes":""},"class_list":["post-461","page","type-page","status-publish","hentry"],"_links":{"self":[{"href":"https:\/\/fiv.tl\/index.php?rest_route=\/wp\/v2\/pages\/461","targetHints":{"allow":["GET"]}}],"collection":[{"href":"https:\/\/fiv.tl\/index.php?rest_route=\/wp\/v2\/pages"}],"about":[{"href":"https:\/\/fiv.tl\/index.php?rest_route=\/wp\/v2\/types\/page"}],"author":[{"embeddable":true,"href":"https:\/\/fiv.tl\/index.php?rest_route=\/wp\/v2\/users\/1"}],"replies":[{"embeddable":true,"href":"https:\/\/fiv.tl\/index.php?rest_route=%2Fwp%2Fv2%2Fcomments&post=461"}],"version-history":[{"count":10,"href":"https:\/\/fiv.tl\/index.php?rest_route=\/wp\/v2\/pages\/461\/revisions"}],"predecessor-version":[{"id":495,"href":"https:\/\/fiv.tl\/index.php?rest_route=\/wp\/v2\/pages\/461\/revisions\/495"}],"wp:attachment":[{"href":"https:\/\/fiv.tl\/index.php?rest_route=%2Fwp%2Fv2%2Fmedia&parent=461"}],"curies":[{"name":"wp","href":"https:\/\/api.w.org\/{rel}","templated":true}]}}